**3/3 + 2*w**2. Let h(b) = 5*b**2 - 4*b + 4. Let r(n) = 3*h(n) + 4*j(n). Determine r(5).
-9
Let v(z) = -z + 5. Let l be v(5). Let f(g) be the third derivative of g**4/24 - g**3/3 + 2*g**2. Let m be f(l). Let t(c) = -2*c - 2. What is t(m)?
2
Let b(l) = 3*l + 2. Let k(d) = -d - 1. Let z(p) = b(p) + 4*k(p). Let c be z(0). Let u(t) = -3. Let s(n) = -n - 9. Let m(w) = 4*s(w) - 11*u(w). Give m(c).
5
Let t(w) = -w + 64 - w - 62. What is t(-3)?
8
Let x(z) = 2 + 3 - 5 - 3*z + 2. Let h(b) = -b + 1. Let i(s) = -5*h(s) + 3*x(s). Let y = 1 - -1. Calculate i(y).
-7
Let n(h) be the third derivative of -h**6/120 + h**5/30 + 5*h**4/24 - 2*h**3/3 - h**2. Let p = 23 - 20. What is n(p)?
2
Let r be (-3)/(-4) + (-6)/8. Let q be (5/(-2))/(3/(-6)). Let x(m) = 8 - m**2 + 4*m - q*m + 0*m. Give x(r).
8
Let g(x) be the third derivative of 1/3*x**3 + 0 + 4*x**2 + 1/24*x**4 + 0*x. What is g(-2)?
0
Suppose 4*x = 8, 1 + 9 = 2*o + x. Suppose -6*m + 18 = -o*p - m, -4*p = 5*m - 2. Let v(d) = 0 - 1 + 0*d**2 + d**2. Calculate v(p).
3
Let u(l) = 4*l - 4. Let x(q) = -7*q + 9. Let d(w) = -5*u(w) - 3*x(w). Let p(i) = i + 5. Suppose 0 = 2*t + 6 + 4. Let g be p(t). Determine d(g).
-7
Let z = -15 + 15. Suppose -5*i = -i - v + 16, -5*i + v - 21 = z. Let c(w) = 3*w + 2*w**3 - 3*w**3 - 6*w - 6 - 5*w**2. Determine c(i).
9
Let s(h) = -h**3 - h**2. Let c(y) = 4*y**3 + y**2 - 2. Let f(n) = -c(n) - 3*s(n). Let m = 8 + -5. Suppose m = -4*o - 5, 4*z - o = 14. Give f(z).
-7
Let d = -12 + 14. Let g(v) = -2 + 36*v + d - 33*v. What is g(2)?
6
Let t(d) = -2*d - 2. Let h(y) = -8*y - 8. Let o(f) = -2*h(f) + 9*t(f). Give o(-4).
6
Let x(l) = 4*l + 17. Let y(t) = 4*t + 16. Let p(k) = 6*x(k) - 7*y(k). Calculate p(-7).
18
Let h(x) = -47*x**3 + 8*x**2 + 3*x + 5. Let c(v) = -16*v**3 + 3*v**2 + v + 2. Let l(t) = 8*c(t) - 3*h(t). Calculate l(1).
13
Let i(s) = -s**3 - 4*s**2 + 6*s + 5. Suppose 5 = -5*x + 4*n, 2*x - 10 = x + 3*n. Give i(x).
0
Let h(q) be the second derivative of -5*q**3/6 + q**2/2 + 7*q. Determine h(-1).
6
Let p(v) = -8*v + 1. Suppose 0*j = -4*k - 2*j + 4, k = -4*j + 1. Calculate p(k).
-7
Let q(g) = -2*g**2 + 3*g + 1. Let h(f) = -2 - f + 4 - 2. Let s(l) = 2*h(l) + q(l). Calculate s(-2).
-9
Let c(a) = -a**3 + 4*a**2 + 7*a - 6. Let x be c(5). Let u = 7 - x. Let d(i) = -i**3 + 4*i**2 - i - 4. Give d(u).
2
Suppose -3*k = -k. Suppose 3*m + 2*x - 20 = k, 4*m + 3*x - 36 = -2*x. Let r(a) = -2*a - 2*a + 0*a + 3*a + 2. What is r(m)?
-2
Suppose -5 - 3 = -4*h. Suppose -13 = -h*x - 3*a + 5, 2*x = 4*a - 10. Suppose 4*g + 29 = 3*b, -4*b - g = -x - 4. Let r(j) = j**3 - 2*j**2 - 2. Give r(b).
7
Let n be -1 - (3/(6/(-8)))/1. Let i(b) = -b**3 + 4*b**2 - 4*b. What is i(n)?
-3
Let g(m) = 2*m**2 + m**3 - m - 7*m**3 + 0*m + 9*m**3. What is g(-2)?
-14
Let y(t) be the first derivative of -t**4/4 + 4*t**3/3 - t**2/2 - 5*t - 31. Determine y(4).
-9
Suppose -2*d = -18 + 4. Suppose k - d = 1. Let p(u) = -2*u - u + k*u. What is p(-1)?
-5
Let c(r) = -r**2 - 6*r - 6. Let t(q) = q**2 - 4*q. Let o be t(5). Let x(f) = f - 3. Let j be x(o). Let l be -4*(-1*j)/(-2). Determine c(l).
2
Suppose 5*w - 36 = 3*w. Let c(u) = -w*u + 3 + 19*u + 5. Calculate c(-6).
2
Let x(m) = -m**2 - 3*m + 4. Suppose 5*g + 4*l = 23, -2*g - 4*l - 5 = -g. Let w = 11 - 1. Let k = g - w. Calculate x(k).
4
Let v(c) = 3*c + 27. Let m be v(-9). Let i(b) be the third derivative of -3*b**2 + 0 + 1/12*b**4 + 0*b + m*b**3. Give i(-2).
-4
Let h = 1 - -3. Let x(o) = -7 + 7 - h*o**2. Give x(1).
-4
Let i(g) be the first derivative of -g**3/6 + g**2 - 7*g + 7. Let m(r) be the first derivative of i(r). Determine m(6).
-4
Let j be 6/(-9) - (1 + (-3)/(-9)). Let r(m) = -4*m**2 + 3*m + 1. Let v(b) = b**2. Let t(x) = r(x) + 5*v(x). What is t(j)?
-1
Let q(p) = -p + 2. Let a be (7/(-5) - 1)*-5. Let m = -7 + a. Suppose 4*k = -k - 5*u + 40, -k + m*u = 16. What is q(k)?
-2
Let u be 27/3*4/6. Suppose 15 = 3*w + p + p, 3*p - u = w. Let g(d) = -6*d**3 - d**3 + w*d**2 + 4 + 3*d**3 + 5*d**3 - 2*d. Determine g(-4).
-4
Let c(l) = -l**3 + 4*l**2 + 5*l - 6. Suppose 5*x + 4*d - 11 = 18, 5*x - 20 = 5*d. Calculate c(x).
-6
Let l(o) = -1 - 3*o + 0*o + 0 - 3 + o**2. Determine l(4).
0
Let n(i) = 5*i**3 - 12*i**2 - 11*i - 9. Let q(c) = -4*c**3 + 11*c**2 + 10*c + 8. Let o(a) = -5*n(a) - 6*q(a). What is o(-4)?
-15
Let w(b) = -b - 7. Suppose 6*u + 36 = 2*u. Let x be w(u). Let y be (-3)/(-2)*x/3. Let i(q) = -5*q**2 + q - 1. What is i(y)?
-5
Suppose k - 5*u = -22, 4*u - 30 = -5*k + u. Let f(v) = -2*v**k + 0*v**3 + v - 8*v**3. Determine f(-1).
9
Let d(t) = -t**3 - 6*t**2 - 5*t + 3. Let g(a) = -a + 4. Let q(u) = u - 3. Let o(v) = 4*g(v) + 5*q(v). Let p = -13 + 7. Let w be o(p). Determine d(w).
3
Let l be 2*-1*(-1 + 4). Let h = l + 9. Let i(u) be the third derivative of -u**5/60 + 2*u**3/3 - 3*u**2. What is i(h)?
-5
Let r(u) = -u**3 - 6*u**2 - 4*u + 3. Suppose -3*z = -8*z - 20. What is r(z)?
-13
Let q be (-56)/40 + 6/(-10). Let m(w) = 15*w - 5. Let i(o) = -7*o + 2. Let s(d) = -13*i(d) - 6*m(d). Determine s(q).
2
Let x be (15/(-5))/(6/8). Let n(z) = 2*z**2 + 3*z + 2. Determine n(x).
22
Let r(o) = -4*o + o - 5 + 2*o + 2*o. Let i = -3 - -3. Suppose 5*z + 15 = i, 4*n - z - 18 = n. Determine r(n).
0
Let v(n) be the first derivative of -n**2/2 - n - 12. Determine v(-3).
2
Suppose 5*w = 1 - 6. Let q be (w/1 + 0)*-3. Let i(f) = -f**3 + 0*f**q - f - 4 - 3 + 3. Calculate i(0).
-4
Suppose 3*k = -2*k. Suppose 5*f + 2*h + 7 = -k, -5*h = -20. Let n(w) = w + 4. What is n(f)?
1
Let q(y) = y + 1. Let b be q(3). Let g(i) = -3*i**2 + 2*i - 9. Let o(w) = 7*w**2 - 5*w + 19. Let j(m) = 9*g(m) + 4*o(m). Give j(b).
3
Let g(x) = -6*x + 4*x**2 - 2*x**2 + 3 - 1. Suppose 2*v + 4 = 3*v. Calculate g(v).
10
Let t(c) = 0*c - 20*c**2 - c**3 + 25*c**2 - 6*c + 1 + 0*c**3. Suppose 0*h - 4*h = -16. Give t(h).
-7
Let n(y) be the first derivative of -y**7/840 - y**6/120 - y**5/40 - y**4/24 - 2*y**3 - 4. Let c(r) be the third derivative of n(r). What is c(-2)?
1
Let d(h) = 3*h - 6. Let p(a) = -8*a + 17. Let b(n) = -11*d(n) - 4*p(n). Let t be b(-4). Let x(g) = -4 + 3*g + 2 + 0 - t*g**2. Give x(2).
-4
Let z(w) = -w**3 + 10*w**2 - 7*w - 15. Let c be z(9). Let h(p) = -p**3 + 2*p**2 + 4*p - 3. Calculate h(c).
0
Let y = 15 + -11. Let n(j) = -2 + 5*j + 2*j - j - 5*j. Determine n(y).
2
Let h(r) = -33*r - 11. Let i(x) = 11*x + 4. Let j(t) = -4*h(t) - 11*i(t). What is j(-2)?
-22
Let d(h) = -h - 2. Suppose -2*k - 2 = 0, -4*o + o + k - 20 = 0. Determine d(o).
5
Let o(x) = x**2 - 5*x - 1. Suppose -4*g = -3*i - 4, i = -0*i - 2*g + 12. What is o(i)?
-5
Let g(i) = i - 5. Suppose -2*s - 5*s = 0. Determine g(s).
-5
Let q = -25 + 37. Let i = q - -13. Suppose 0*c + 10 = -5*s - 5*c, -5*s + 2*c + i = 0. Let p(h) = h**3 - 3*h**2 - 2*h + 1. Give p(s).
-5
Suppose 5*d - 3*d = 6. Let q(u) = -2*u + 0*u - 5 + d*u. Suppose -4*g = -6*z + z - 21, 3*z = -3*g + 9. Determine q(g).
-1
Suppose -s = 3*w + 8 + 6, -21 = 3*s + 2*w. Let h(x) = -7*x**2 - 11*x - 2. Let y(n) = -6*n**2 - 10*n - 1. Let m(b) = -5*h(b) + 6*y(b). Give m(s).
4
Suppose -2*u = h - 8, -20 = 3*u - 5*u - 4*h. Let x(l) = 6 - 3 - 2 + 2*l. What is x(u)?
5
Let x be ((-3)/(-30)*-5)/((-1)/(-12)). Let y(k) = k**3 + 5*k**2 - 4*k + 6. What is y(x)?
-6
Let l = 22 - 19. Let r(c) = 11*c**2 - 23*c + 17. Let t(u) = -4*u**2 + 8*u - 6. Let v(i) = l*r(i) + 8*t(i). Give v(5).
3
Let f(l) = l**2 + 3*l - 6. Let x(u) = -u**2 - 6*u - 4. Let r be x(-6). Let k be f(r). Let b(i) = -i**2 + i. Give b(k).
-6
Let r(h) = -h**2 + 2*h. Let q = 18 + -14. Suppose 8*g - 4 = q*g. Calculate r(g).
1
Suppose 5*o - 4*o = 0. Let g(c) = c + 4. What is g(o)?
4
Let d(w) = -2 + w + 4*w**3 - 4*w**3 + 2*w**2 + 3*w**3 - 4*w. Give d(-2).
-12
Let v be 1/(((-10)/(-12))/(-5)). Let h(o) = o + 1. Let d(m) = -m - 1. Let i be d(-6). Let p(y) = -y - 2. Let g(j) = i*p(j) + 4*h(j). Calculate g(v).
0
Let s(q) be the first derivative of 2*q**2 - q - 2. Suppose -4 = 3*f + 2*b - 0, 4*f - 5*b + 36 = 0. Let t = f + 3. What is s(t)?
-5
Let s(w) = -8*w**2 - w. Let n be (-2 + 3)*-1*(2 - 1). Calculate s(n).
-7
Let w(u) be the second derivative of -2*u**3/3 - u**2/2 + 2*u. Suppose 4 = -4*b + 16. Let g = b + -4. Give w(g).
3
Let a(l) = -3*l**2. Let i(d) = d**2 + 12*d + 10. Let f be i(-11). Give a(f).
-3
Let t be (-14)/(-63) + 32/18. Suppose 7 - 17 = -t*x. Let u(i) = -i**2 + 6*i - 4. Gi